 a factor of 6623064?
True
Is 76 a factor of 1155916?
False
Is 4754624 a multiple of 16?
True
Is 1409453 a multiple of 289?
True
Does 122 divide 48257?
False
Is 13 a factor of 8753141?
False
Is 2819232 a multiple of 48?
True
Does 445 divide 326185?
True
Is 48 a factor of 268400?
False
Does 952 divide 4567696?
True
Is 24 a factor of 811173?
False
Does 85 divide 21279750?
True
Is 4846068 a multiple of 127?
False
Is 89792 a multiple of 92?
True
Does 6 divide 202290?
True
Is 165358 a multiple of 58?
True
Is 106460 a multiple of 335?
False
Is 131 a factor of 5996918?
True
Is 14 a factor of 8374842?
True
Is 40803 a multiple of 87?
True
Is 80940 a multiple of 76?
True
Does 78 divide 338832?
True
Is 3128127 a multiple of 5?
False
Is 2781390 a multiple of 115?
True
Does 30 divide 71130?
True
Does 4 divide 1028664?
True
Is 421384 a multiple of 6?
False
Does 40 divide 137360?
True
Does 11 divide 523909?
False
Is 4 a factor of 289842?
False
Does 19 divide 52616?
False
Is 40752 a multiple of 12?
True
Is 789715 a multiple of 37?
False
Does 25 divide 622925?
True
Is 16 a factor of 154400?
True
Is 444287 a multiple of 404?
False
Is 43 a factor of 12019519?
False
Is 29 a factor of 167707?
True
Is 251 a factor of 4405301?
True
Is 11140 even?
True
Does 258 divide 127194?
True
Is 101 a factor of 287951?
True
Does 61 divide 469517?
True
Is 146 a factor of 11534?
True
Is 15 a factor of 7443863?
False
Does 167 divide 693379?
False
Does 12 divide 1170600?
True
Is 368 a factor of 295686?
False
Is 521916 a multiple of 13?
False
Does 146 divide 17270194?
True
Does 20 divide 2665407?
False
Does 3 divide 201342?
True
Is 5 a factor of 2734300?
True
Is 7 a factor of 9600729?
False
Is 142 a factor of 926317?
False
Does 5 divide 1214265?
True
Does 18 divide 4947852?
False
Is 198016 a multiple of 416?
True
Is 5 a factor of 73903?
False
Is 44790 a multiple of 11?
False
Is 23 a factor of 719256?
True
Is 118456 a multiple of 4?
True
Is 2 a factor of 73859?
False
Is 13 a factor of 11776820?
False
Is 162660 a multiple of 18?
False
Is 4919169 a multiple of 29?
False
Is 35935 a multiple of 16?
False
Does 64 divide 1515968?
True
Does 82 divide 62156?
True
Does 4 divide 214004?
True
Is 291467 a multiple of 448?
False
Is 332 a factor of 1059412?
True
Is 9170154 a multiple of 74?
True
Is 27 a factor of 15647612?
False
Does 846 divide 1200474?
True
Does 270 divide 2905470?
True
Does 102 divide 200124?
True
Is 16 a factor of 1018237?
False
Is 30 a factor of 808890?
True
Does 392 divide 230810?
False
Is 13847294 a multiple of 366?
False
Is 11956 a multiple of 10?
False
Is 76327 a multiple of 49?
False
Does 20 divide 358?
False
Is 510 a factor of 169320?
True
Does 23 divide 182321?
True
Is 47872 a multiple of 748?
True
Is 20 a factor of 4346672?
False
Is 2152080 a multiple of 163?
False
Does 59 divide 998516?
True
Is 213 a factor of 171816?
False
Is 3335254 a multiple of 227?
False
Is 4 a factor of 376292?
True
Is 27 a factor of 83637?
False
Does 14 divide 405712?
False
Does 1373 divide 7641523?
False
Does 202 divide 1856784?
True
Is 394 a factor of 22911?
False
Is 80 a factor of 7144240?
True
Is 50779 a multiple of 7?
False
Is 70747 a multiple of 263?
True
Is 158 a factor of 2361310?
True
Is 576 a factor of 3157632?
True
Is 96 a factor of 1601376?
True
Does 125 divide 441875?
True
Does 211 divide 232522?
True
Is 768 a factor of 1359696?
False
Is 4115420 a multiple of 588?
False
Is 68400 a multiple of 45?
True
Is 427 a factor of 83692?
True
Does 295 divide 801873?
False
Does 287 divide 528292?
False
Does 46 divide 1896580?
True
Is 472839 a multiple of 123?
False
Is 23 a factor of 2420030?
False
Is 126952 a multiple of 36?
False
Is 12 a factor of 212580?
True
Is 129 a factor of 3924192?
False
Is 11 a factor of 12826?
True
Is 6438597 a multiple of 78?
False
Is 2474181 a multiple of 133?
False
Is 2 a factor of 205701?
False
Does 437 divide 1889272?
False
Does 178 divide 398186?
True
Does 54 divide 286291?
False
Does 242 divide 270933?
False
Does 329 divide 5283542?
False
Does 244 divide 3739757?
False
Does 5 divide 235745?
True
Does 123 divide 106149?
True
Is 2709192 a multiple of 628?
True
Does 156 divide 1350960?
True
Is 382476 a multiple of 43?
False
Does 28 divide 3420200?
True
Is 15 a factor of 477300?
True
Is 282985 a multiple of 5?
True
Is 5391614 a multiple of 439?
False
Does 10 divide 254845?
False
Does 26 divide 9594?
True
Is 49 a factor of 18058803?
True
Is 1627584 a multiple of 8?
True
Does 16 divide 141200?
True
Is 360042 a multiple of 23?
True
Does 1506 divide 5418588?
True
Is 2699554 a multiple of 11?
True
Does 553 divide 8615093?
False
Is 550563 a multiple of 13?
True
Is 612 a factor of 8126933?
False
Is 58 a factor of 1369148?
True
Is 41028 a multiple of 12?
True
Does 126 divide 222138?
True
Is 272825 a multiple of 35?
True
Is 21 a factor of 2918202?
True
Is 96 a factor of 174525?
False
Is 2901016 a multiple of 9?
False
Is 62 a factor of 680078?
True
Is 26 a factor of 348658?
False
Is 607 a factor of 1536924?
True
Is 12583928 a multiple of 52?
False
Is 20 a factor of 8431200?
True
Does 116 divide 387904?
True
Is 65 a factor of 4235755?
False
Is 29943 a multiple of 18?
False
Is 17427 a multiple of 6?
False
Is 22 a factor of 733304?
True
Does 103 divide 3996925?
False
Is 203312 even?
True
Does 98 divide 57624?
True
Is 10 a factor of 165300?
True
Is 110316 a multiple of 87?
True
Is 50 a factor of 1896250?
True
Is 325424 a multiple of 118?
False
Is 12 a factor of 65940?
True
Is 390 a factor of 2943720?
True
Is 583 a factor of 1706441?
True
Does 249 divide 9943491?
False
Is 26 a factor of 32318?
True
Is 570525 a multiple of 12?
False
Is 633157 a multiple of 203?
True
Is 104049 a multiple of 13?
False
Does 383 divide 6134128?
True
Is 61 a factor of 2536319?
True
Does 4 divide 3396?
True
Does 21 divide 9578305?
False
Does 345 divide 52095?
True
Does 1619 divide 1189965?
True
Does 135 divide 185625?
True
Is 369360 a multiple of 10?
True
Does 25 divide 4266?
False
Does 227 divide 1790576?
True
Does 406 divide 160370?
True
Does 293 divide 1746110?
False
Is 5321060 a multiple of 44?
False
Is 1033 a factor of 5593436?
False
Does 43 divide 117261?
True
Does 117 divide 1021132?
False
Does 82 divide 58381?
False
Does 5 divide 180583?
False
Is 195 a factor of 58200?
False
Is 6951711 a multiple of 13?
True
Does 90 divide 278550?
True
Is 208752 a multiple of 11?
False
Does 19 divide 447450?
True
Is 1104 a factor of 1141536?
True
Is 15469 a multiple of 354?
False
Does 504 divide 8376984?
True
Is 14 a factor of 3043292?
True
Does 1629 divide 3985501?
False
Is 180 a factor of 1100880?
True
Does 270 divide 35910?
True
Is 7 a factor of 107765?
True
Is 160708 a multiple of 16?
False
Does 420 divide 840415?
False
Is 2 a factor of 100635?
False
Is 33 a factor of 1151408?
False
Is 11 a factor of 1273959?
False
Does 6 divide 3799192?
False
Is 229 a factor of 6916237?
False
Does 365 divide 146730?
True
Does 1303 divide 6749540?
True
Does 7 divide 2668267?
True
Does 798 divide 2812347?
False
Does 6 divide 327312?
True
Does 15 divide 2289468?
False
Is 202620 a multiple of 660?
True
Is 157 a factor of 3529988?
True
Does 2358 divide 8219988?
True
Does 37 divide 24459627?
True
Is 156666 a multiple of 8?
False
Is 42510 a multiple of 431?
False
Is 13 a factor of 285077?
True
Does 17 divide 100229?
False
Is 480926 a multiple of 134?
True
Does 501 divide 1528050?
True
Is 67 a factor of 904768?
True
Is 5713 even?
False
Is 218612 a multiple of 43?
True
Does 30 divide 5931059?
False
Is 1563835 a multiple of 491?
True
Does 132 divide 216480?
True
Does 44 divide 224681?
False
Is 141 a factor of 34606?
False
Is 1898 a multiple of 13?
True
Is 821018 a multiple of 57?
False
Is 8653732 a multiple of 70?
False
Is 417291 a multiple of 66?
False
Does 150 divide 41250?
True
Is 1992507 a multiple of 25?
False
Is 53582 a multiple of 79?
False
Is 26502 a multiple of 42?
True
Is 108697 a multiple of 6?
False
Is 6625349 a multiple of 8?
False
Is 70720 a multiple of 34?
True
Is 41 a factor of 203073?
True
Is 659192 a multiple of 524?
True
Does 9 divide 4779?
True
Is 199408 a multiple of 11?
True
Is 9442098 a multiple of 300?
False
Is 34464 a multiple of 24?
True
Does 10 divide 6647813?
False
Is 112878 a multiple of 18?
True
Is 5